{"id":17,"date":"2020-06-04T05:11:41","date_gmt":"2020-06-04T03:11:41","guid":{"rendered":"http:\/\/messages-d-ici-et-ailleurs.space\/?page_id=17"},"modified":"2021-07-26T17:53:03","modified_gmt":"2021-07-26T15:53:03","slug":"emission-bienvenue-les-choubidoux","status":"publish","type":"page","link":"https:\/\/messages-d-ici-et-ailleurs.space\/?page_id=17","title":{"rendered":"Emission Bienvenue les Choubidoux !!!"},"content":{"rendered":"\n<p>en g\u00e9n\u00e9ral sur l&#8217;heure du gout\u00e9 \ud83d\ude09<\/p>\n\n\n\n<p>voir le <a href=\"https:\/\/coucou-les-choubidous.fandom.com\/fr\/wiki\/Wiki_Coucou_les_choubidous\">wiki Bienvenus les choubidoux<\/a><\/p>\n\n\n\n<p>les exo du dedans<\/p>\n\n\n\n<p>petit dehors et grand dedans<\/p>\n\n\n\n<p>quelques petites videos <\/p>\n\n\n\n<p><a href=\"https:\/\/www.youtube.com\/channel\/UCjkk_GGpnKmiwm6DcbeppFw\">https:\/\/www.youtube.com\/channel\/UCjkk_GGpnKmiwm6DcbeppFw<\/a><\/p>\n","protected":false},"excerpt":{"rendered":"<p>en g\u00e9n\u00e9ral sur l&#8217;heure du gout\u00e9 \ud83d\ude09 voir le wiki Bienvenus les choubidoux les exo du dedans petit dehors et grand dedans quelques petites videos https:\/\/www.youtube.com\/channel\/UCjkk_GGpnKmiwm6DcbeppFw<\/p>\n","protected":false},"author":1,"featured_media":0,"parent":0,"menu_order":0,"comment_status":"closed","ping_status":"closed","template":"","meta":{"footnotes":""},"class_list":["post-17","page","type-page","status-publish","hentry"],"_links":{"self":[{"href":"https:\/\/messages-d-ici-et-ailleurs.space\/index.php?rest_route=\/wp\/v2\/pages\/17","targetHints":{"allow":["GET"]}}],"collection":[{"href":"https:\/\/messages-d-ici-et-ailleurs.space\/index.php?rest_route=\/wp\/v2\/pages"}],"about":[{"href":"https:\/\/messages-d-ici-et-ailleurs.space\/index.php?rest_route=\/wp\/v2\/types\/page"}],"author":[{"embeddable":true,"href":"https:\/\/messages-d-ici-et-ailleurs.space\/index.php?rest_route=\/wp\/v2\/users\/1"}],"replies":[{"embeddable":true,"href":"https:\/\/messages-d-ici-et-ailleurs.space\/index.php?rest_route=%2Fwp%2Fv2%2Fcomments&post=17"}],"version-history":[{"count":3,"href":"https:\/\/messages-d-ici-et-ailleurs.space\/index.php?rest_route=\/wp\/v2\/pages\/17\/revisions"}],"predecessor-version":[{"id":151,"href":"https:\/\/messages-d-ici-et-ailleurs.space\/index.php?rest_route=\/wp\/v2\/pages\/17\/revisions\/151"}],"wp:attachment":[{"href":"https:\/\/messages-d-ici-et-ailleurs.space\/index.php?rest_route=%2Fwp%2Fv2%2Fmedia&parent=17"}],"curies":[{"name":"wp","href":"https:\/\/api.w.org\/{rel}","templated":true}]}}